5). Let t(x) = 2*x + 3. Let w be t(i). What is the greatest common factor of w and 22?
11
Let f be -13 - ((-2)/1 - -4). Let z be (f/6)/(2/(-72)). Calculate the highest common factor of z and 10.
10
Suppose -r - 2*r - 228 = 0. Let m = -49 - r. What is the highest common divisor of m and 9?
9
Let i = -47 + 65. Let m(z) = -2*z + 3. Let w be m(-3). Calculate the greatest common divisor of i and w.
9
Let y(l) = 3*l**2 - l + 2. Let w be y(1). Calculate the greatest common factor of w and 4.
4
Let d(x) = 11*x**2 + 4. Let t be d(-5). Calculate the highest common divisor of 31 and t.
31
Let m be (2 + -10 - -4) + 10. What is the highest common factor of 24 and m?
6
Suppose 5 = -5*n, 5*y = -6*n + 5*n + 74. What is the greatest common divisor of y and 75?
15
Let d(m) be the first derivative of m**2 - m - 12. Suppose -4*n + 36 = -4*r, 4*n - 43 + 3 = 2*r. Let q be d(n). What is the greatest common factor of 21 and q?
21
Suppose l + 72 = 3*l. Let d = -52 - -64. Calculate the highest common divisor of l and d.
12
Let f be ((-8)/2)/(1/(-36)*3). What is the greatest common factor of f and 80?
16
Let p be 6/10 - (-816)/40. What is the greatest common factor of p and 3?
3
Suppose 131 = -2*w + 241. What is the highest common divisor of 11 and w?
11
Suppose -4*t - 5*b = -28 - 2, 4*t + 2*b = 36. Let r = 25 - -50. Suppose -95 = -4*h + 5*j, 4*j - 179 = -4*h - r. Calculate the highest common factor of t and h.
5
Suppose 3*w = 2*b - 162, 0 = -4*b + w + 314. What is the greatest common divisor of 13 and b?
13
Let x be (10/4)/((-4)/8). Let v be 1*139*(-5)/x. Suppose 3*o - 293 = v. What is the greatest common divisor of 18 and o?
18
Let v = 8 + -1. Suppose -t = v - 127. Suppose 2*k - 7*k = -t. What is the greatest common divisor of k and 6?
6
Suppose 12 = -4*h + h. Let i be 4/(-16) - 289/h. What is the greatest common divisor of 18 and i?
18
Let d be 1 + (118 + 0 - 1). Suppose -4*g + 398 - d = 0. Suppose 0 = -p + 5, 3*n - 40 = -5*p + 6. Calculate the greatest common divisor of n and g.
7
Let z = 34 - 5. Suppose 0 = 4*c - 9 + z. Let t be (-24)/(-2) - (c - -5). What is the greatest common factor of 30 and t?
6
Let k be 4*((-21)/4)/(-3). Let f be (-2)/(6/(-45)) - -1. Let a = f - 9. What is the greatest common factor of a and k?
7
Suppose -2*o = 51 - 887. Suppose 0*c - 2*c = -o. Suppose -2*w = -w - 19. Calculate the greatest common factor of c and w.
19
Suppose 0 = 2*y - 2, 29 = p + 2*p + 5*y. Suppose -z + 91 = -d - 0*d, 0 = 4*z + 5*d - 409. Let c = -24 + z. Calculate the greatest common factor of p and c.
8
Let z(g) = g + 1. Let j be z(-5). Let t(w) = -2*w - 4. Let c be t(j). Let x = 18 - 6. What is the highest common divisor of x and c?
4
Let l = 162 - 156. Calculate the highest common divisor of l and 33.
3
Let i be -2 - (-2)/2 - -1. Let b = i - 0. Suppose -p = -b*p - 3*f - 15, p - 2*f = 19. What is the highest common divisor of 3 and p?
3
Suppose -34 = -2*k + 46. Calculate the highest common factor of k and 5.
5
Suppose -43 = -5*f + 37. What is the greatest common divisor of 144 and f?
16
Let g(h) = -89*h**2 - 4*h + 1. Let z(v) = -177*v**2 - 7*v + 2. Let l(p) = 7*g(p) - 4*z(p). Let u be l(-1). What is the greatest common divisor of 12 and u?
12
Suppose -226 = -o + 5*z - z, -4*z = -2*o + 436. What is the greatest common factor of o and 30?
30
Suppose k = 2*k - 23. Let r = 32 - k. Suppose -r = -5*p + 11. What is the highest common factor of p and 16?
4
Let z be 7/35 - (-488)/10. Calculate the highest common divisor of 7 and z.
7
Let r(h) = 6*h - 63. Let g(l) = -l + 9. Let u(t) = 15*g(t) + 2*r(t). Let a be u(-7). Calculate the greatest common factor of a and 15.
15
Suppose 36 = 2*d - y + 3*y, 0 = 4*d - 2*y - 84. What is the greatest common divisor of 4 and d?
4
Suppose -16 + 3 = -f. What is the greatest common factor of f and 13?
13
Suppose 2*v = 3*w - 73, 0 = -5*w - 0*v - v + 139. Calculate the highest common divisor of 3 and w.
3
Let h(o) = 10*o**2 - 1. Let q be h(1). Let c be ((-6)/9)/(6/(-27)). Suppose 2*u + 185 = 3*f, c*f = u + 81 + 106. Calculate the highest common factor of f and q.
9
Let y(o) = -2*o**2 + 29*o - 13. Let i be y(14). Calculate the greatest common factor of 1 and i.
1
Suppose u - 4*u + 18 = 0. Suppose -u = -2*o - o. Suppose 0*y - 4*i = -5*y + 350, 3*y = -o*i + 188. What is the highest common factor of y and 11?
11
Let l be (9 + -18)*1*-1*1. Suppose -2*y - g = -15, g = -3*y + 3*g + 33. What is the highest common factor of l and y?
9
Let h(o) = o**3 + 6*o**2 - 28*o + 2. Let v be h(-9). Calculate the highest common factor of 319 and v.
11
Suppose 3*w + 2*p + 2 = w, 2*p = 4*w - 20. Suppose -2*z + 6 = 2*k, 0 = -0*z - z + w*k + 23. What is the greatest common divisor of 24 and z?
8
Let a = 166 + -4. Calculate the greatest common divisor of a and 18.
18
Suppose 158 = w + 30. Calculate the highest common divisor of w and 32.
32
Let d(f) = f - 15. Let q be d(21). What is the greatest common factor of 54 and q?
6
Suppose -4*c = -688 - 104. What is the highest common divisor of 18 and c?
18
Suppose -x - 6 = x. Let i(v) = -77*v + 1. Let l be i(x). What is the highest common divisor of l and 29?
29
Suppose 0 = 4*y - 16, 2*j - 20 = -2*y - y. Suppose 5*x - j*a - 9 = 0, -6*a - 10 = -5*x - a. Calculate the greatest common divisor of 2 and x.
1
Let j(n) = n**2 - 7*n - 1. Let g be j(7). Let b be 4*3/(-4)*g. Suppose -3*i - 33 = -b*s, 0*s - 4*s - 5*i = -8. Calculate the highest common factor of 28 and s.
7
Suppose 3*c - 5*z - 6 = 23, 2*z = -8. Calculate the greatest common factor of c and 3.
3
Let q(d) = -6*d + 32. Let b be q(4). What is the highest common divisor of b and 12?
4
Let z = 149 + -127. Let g = 157 - 61. Let i = g + -41. What is the greatest common factor of z and i?
11
Let f be (1 + -67)*(-1 + 0). Suppose 123*p - 120*p - 132 = 0. Calculate the highest common factor of f and p.
22
Let h = 19 + -5. Calculate the greatest common divisor of h and 2.
2
Suppose -v = 2*j - 0*v - 62, -119 = -3*j + 5*v. Let i = 4 + 7. Calculate the greatest common divisor of i and j.
11
Let y(h) = -h**2 - 8*h + 4. Let c be y(-6). Let m = 46 - c. What is the highest common divisor of 6 and m?
6
Let o(w) = -6*w - 2. Let z be o(-7). Let h = -3 + 8. Suppose -h*m + 64 = -16. What is the greatest common factor of z and m?
8
Suppose 0 = 2*r + 2*k - 118, -k + 88 = 2*r - 34. What is the highest common divisor of 9 and r?
9
Suppose 4*f = -5 + 1. Let v be (-2)/(4/f + 2). Let g be -1 + (2 - 0 - -6). What is the highest common factor of v and g?
1
Let a = 8 + -6. Suppose 90 = v + 4*v. Calculate the greatest common divisor of a and v.
2
Let w be -4 + (-1)/(-7) + 377/7. What is the greatest common factor of 30 and w?
10
Let c = 4 - 1. Suppose -2*g = -2*f + 32, c*f - g - 51 = 3*g. Calculate the highest common factor of f and 143.
13
Let v(u) = u**2 + 3 + 2 - 7*u - 2. Let a be v(7). Calculate the highest common divisor of a and 21.
3
Let n = -26 + 37. Calculate the greatest common factor of n and 121.
11
Let t = 14 + 85. Calculate the highest common divisor of t and 9.
9
Suppose -5*m - 298 = -6*k + 2*k, 5*k - 377 = 4*m. Suppose 4*g - 5*z = -6, g + 0 = -z + 3. Let l = 8 - g. Calculate the highest common factor of l and k.
7
Let g = 134 - 94. What is the greatest common divisor of g and 8?
8
Let k(d) = 6*d - 3. Let q be k(6). Suppose -3*g + 48 + q = 0. Let p be (8/12)/(1/g). Calculate the highest common divisor of p and 54.
18
Let k(o) = o**2 - 3*o - 3. Let v be k(5). Suppose -2*i = -v*i + 180. Suppose 5*x = x + 36. Calculate the highest common factor of x and i.
9
Suppose 0 = 11*b - 256 - 107. Let c be (-1)/((1 - 3)/2). Let g be 23 - 0 - (0 + c). Calculate the greatest common factor of b and g.
11
Suppose 0 = 4*j - 16 - 96. What is the greatest common factor of j and 42?
14
Let m = -1 - -155. Calculate the highest common divisor of 14 and m.
14
Suppose -3 = -k - 2. Let m(s) = 84*s**2 - 2*s + 2. Let b be m(k). Let q = 21 + -9. Calculate the highest common divisor of q and b.
12
Let u = 84 - 71. Calculate the highest common divisor of 39 and u.
13
Let b(v) = v - 2. Let f be b(6). Suppose -a + f = 3*a. Let q(r) = 19*r**2 + 1. Let c be q(a). What is the highest common factor of 8 and c?
4
Let b be -2 - 7*-1*(-18)/(-42). Let j be (6/8)/((-1)/(-12)). What is the greatest common divisor of j and b?
1
Suppose